 -7*1/(-7) - (-1 + -1). Suppose 0 = -3*b - 3*z + 9, 3 = -2*b + 5*b - o*z. Is b + 2 + 377 + 2 a composite number?
False
Let s = 475 - 472. Is (6038/s)/((-8)/(-84)) composite?
True
Let q(y) = 2*y**2 - 19*y + 14. Let t be q(9). Suppose z + t*g = 8484, -4*z + g + 16151 = -17848. Is z a prime number?
False
Let g = -66 + 87. Suppose g*r + 3932 = 25*r. Is r a prime number?
True
Suppose l + 4*c + 160 = 5*l, -12 = 3*c. Let z(a) = 16*a**3 - a**2 + 4*a + 4. Let p be z(-1). Let s = l + p. Is s a prime number?
True
Let k(w) be the third derivative of w**5/60 + 17*w**4/24 + 5*w**3 - 23*w**2. Let h be k(-15). Suppose a - 622 - 255 = h. Is a composite?
False
Suppose 13*l - 92626 = 12*l. Is 9/(180/50) + l/4 a prime number?
True
Let o = -191 - -185. Let i(a) = 10*a**2 + 10*a**2 + 13 + 3*a**2 - 6*a**2 + 21*a. Is i(o) a prime number?
True
Let z = 296223 + 10078. Is z a prime number?
True
Suppose 35*k = -59113 - 15367. Let q = -767 - k. Is q a prime number?
True
Let b(l) = -58*l**3 - 12*l**2 + 105*l + 84. Is b(-19) a composite number?
False
Let j(g) = 8664*g + 48. Let z be j(4). Suppose -11*k + z = -2861. Is k a prime number?
False
Let o(y) = 281*y**2 - 49*y + 1205. Is o(29) prime?
False
Let w(l) = -1426*l + 10 - 26 + 4 + 5. Let j(d) = 713*d + 4. Let c(q) = -7*j(q) - 3*w(q). Is c(-1) composite?
True
Suppose -2*k + 80882 = 3*m - 7*m, -5*k + 2*m + 202189 = 0. Suppose 0 = -5*u + k - 5392. Is u prime?
False
Let k = -1176 - 1511. Let o = k + 4344. Is o prime?
True
Suppose 2*g + 2*i = 134478, 0 = 4*g - 2*i - 83275 - 185669. Is g composite?
True
Let y = -28198 + 49041. Is y prime?
False
Let u be 9/(6/(829 - -5)). Let q = -710 + u. Is q a composite number?
False
Let q be (1 - 2)/(1/5). Let t(o) = -957*o + 24. Let y be t(q). Suppose 4*v - y = 3*a, 2402 = -0*v + 2*v - 4*a. Is v a prime number?
False
Suppose -5*q - 20172 = -2*v, 0 = 4*v + 83*q - 86*q - 40330. Is v a composite number?
True
Suppose 5*x = 4*z + 599 + 693, -5*x - 1252 = 4*z. Is ((-203)/(-21))/((-2)/z) prime?
False
Suppose -18 = n + 5*n. Is (-1754)/(4/12*n) composite?
True
Suppose x - g = 190512, -22*g = 5*x - 24*g - 952545. Is x a prime number?
True
Suppose -3*s + 808 = 268. Suppose -10*u + 4610 + s = 0. Is u prime?
True
Suppose 1466 = -3*v + 7451. Suppose u - v = 4*b - 2*u, -4*b = -5*u + 2005. Let o = 1081 + b. Is o composite?
True
Let q(p) be the first derivative of -p**3/3 - 4*p**2 - 12*p + 26. Let u be q(-6). Suppose 10*i - 361 - 309 = u. Is i a composite number?
False
Let o(x) = -x**3 - 13*x**2 - 3*x + 44. Let l be o(-13). Let w = l - 79. Suppose 0 = -v + w*q + 1223, -2*v = -4*v + q + 2481. Is v a prime number?
False
Suppose -n + m = -2*m - 82, 3*n + 2*m = 224. Suppose -n = -5*z + h, 4*z + 29 - 93 = 4*h. Is 367*(-1)/((-5)/z) composite?
True
Let n be 11*5/20 - 1/(-4). Suppose 0 = 4*y + 2*b - 16, -2*y - n*y + 9 = -3*b. Suppose 0 = -f - 5*o - 0*o + 163, 0 = 4*f - y*o - 652. Is f a composite number?
False
Suppose 265*y = 314*y - 27685. Is y composite?
True
Let v(j) = -97198*j**3 + 2*j**2 + 10*j + 5. Is v(-2) a composite number?
True
Let i be 3/((-12)/16) + 1278/2. Let f = i + 207. Is f prime?
False
Let c = 3548 + 4503. Is c composite?
True
Let t(c) = 3488*c**2 - 5*c - 6. Suppose -4*q + 1 - 4 = -5*w, -4*q = -w + 7. Is t(w) composite?
True
Is -7 - (6/(-2) - 96467/7) prime?
False
Is (83852 - 0) + (-338)/13 + 23 a composite number?
True
Suppose 0 = 64*p + 48*p - 6980848. Is p a prime number?
False
Suppose 0 = -5*x - 4*q - 4, 3*q + 2 = 4*x - 1. Suppose 4*r - 5*r + 760 = x. Suppose 512 + r = 5*y - c, -10 = 5*c. Is y composite?
True
Suppose 32 = -j - 3*y, 20 = 6*y - 2*y. Let w = j - -47. Suppose w = -3*r + 1644 + 2769. Is r composite?
False
Suppose -230*n + 9331350 = -20*n. Is n a prime number?
False
Suppose -3*s = 3*g - 81, 0 = -18*s + 15*s - 15. Is ((-2251)/(-4))/((48/6)/g) a composite number?
False
Let n(q) = 17727*q**2 + 4*q. Let p be n(1). Suppose 21*u - 28*u + p = 0. Is u prime?
False
Let b = -55 + 61. Suppose -3*l = -2*l + 4*o + b, 0 = 5*o - 5. Let v(t) = 41*t**2 + 22*t - 17. Is v(l) a prime number?
True
Suppose 258590 = 27*y + 7*y - 220844. Is y a prime number?
False
Let d be 3 + (-4)/((-12)/465). Let n(i) = -5*i + 17. Let f be n(18). Let w = d + f. Is w a prime number?
False
Let h = -416 - -408. Is 66/8 + h - 6278/(-8) prime?
False
Let v(w) = -3432*w**2 - 4*w - 5. Let x be v(-1). Let l = -1560 - x. Let m = l + -330. Is m composite?
False
Suppose -3315505 + 588760 = -105*s. Is s a prime number?
True
Suppose -107*l = -97*l - 22310. Is ((-20)/(-16) - 21/(-12)) + l a prime number?
False
Let r(a) = -522*a - 29. Let u = -157 - -147. Is r(u) composite?
True
Suppose -j - 4*j + 492 = u, -400 = -4*j - 4*u. Suppose -2*z + 204 = j. Is z composite?
False
Suppose -7*v - 2*m + 1081 = -2*v, -3*v = 2*m - 647. Suppose 7*b = 2*g + 2*b - 446, -g + b + v = 0. Is g a prime number?
False
Suppose 37*m - 1765324 = -514095. Is m a composite number?
True
Let z = 188249 + -100272. Is z prime?
True
Suppose 2*n = 0, i = -4*i + 2*n - 74605. Is (i + (-12)/6)*-1 a composite number?
False
Let t(v) = -7377*v + 2416. Is t(-25) prime?
True
Let l(p) = 2*p**2 + 25*p - 22. Let o be l(-11). Let u = o - -54. Is (-2)/(-6)*(u - 0 - -670) composite?
False
Let i = 231 - 494. Is i/3*(15/3 + -26) a composite number?
True
Let o = -107 + 341. Suppose -4*l = 2*w - 4210, -8642 + o = -4*w - 4*l. Is w a prime number?
True
Let d(h) = -485*h + 1205583. Is d(0) a composite number?
True
Let b be ((-1)/(-2) - 1)*(47 - 47). Let u be (b + (-1418)/(-5))/((-3)/(-60)). Suppose -636 = 4*m - u. Is m a prime number?
True
Suppose 231*p = 200*p + 3212003. Is p a composite number?
False
Let b = 873 + -2145. Is 10/4*b/(-30) composite?
True
Let b = -321041 + 782640. Is b a composite number?
False
Suppose 0 = 3*c + 2*v - 1334401, v - 144 = -142. Is c a prime number?
False
Suppose 5*u + 5*a = -0*u - 5, -4*a = 5*u + 1. Let d(s) be the third derivative of 265*s**4/24 + s**3/3 - 3*s**2 - 8. Is d(u) composite?
False
Suppose 0 = 2*w - 2*u - 14, 5*w + 4*u = 9 + 17. Let l be w/(-4) - (-6)/4. Suppose -8*v + 4*v + 316 = l. Is v composite?
False
Let f = -77 - -80. Let g be (f - 7)/((-2)/1318). Let v = 71 + g. Is v prime?
True
Suppose 6*b + 35 = -37. Is 5798 + (4 - b*18/(-24)) a composite number?
True
Let u(y) = -2*y**3 + 4*y**2 + 8*y - 31. Let n be u(7). Let o = 1202 + n. Is o composite?
True
Let t be ((-95744)/85 + -6)/(2/(-10)). Let u = 13479 - t. Is u composite?
False
Let z(i) = -i**3 + i**2 + 6*i - 5. Let s be z(2). Suppose k + 10 = s*c - 0*k, 5*k - 14 = -c. Is (-6)/(-2) + c*92 composite?
True
Let h(i) = 5803*i + 3055. Is h(16) a composite number?
True
Let g(a) = 4*a**3 - 27*a**2 + 46*a - 104. Is g(17) a prime number?
True
Let a(p) = 5*p - 14*p - 15 + p**3 + 15*p**2 - 10*p**2. Let g be a(-6). Suppose 1012 = 4*i - x, 2*i - 1265 = -3*i - g*x. Is i a prime number?
False
Is -4 - (25/(-20))/((12/(-345888))/(-1)) composite?
True
Let a(b) = 140*b**2 - b - 142*b**2 + 1 + 4*b. Let n be a(1). Suppose -n*f - 4*c = -3954, f + 5*c + 9855 = 6*f. Is f a composite number?
False
Let w(c) = 21*c**2 + 6*c + 6. Let j(t) = t + 1. Let m(d) = 6*j(d) - 2*w(d). Let o(y) = y**2 + y - 1. Let z(g) = -m(g) - 15*o(g). Is z(11) prime?
False
Suppose 35*x - 28533012 + 2496337 = 0. Is x a composite number?
True
Let o(p) = 133*p**3 + 12*p**2 - 245*p + 37. Is o(27) a prime number?
False
Suppose 37107 + 48123 = 22*k - 28004. Is k a prime number?
True
Suppose -3*v - 30*v = -5222391 + 411948. Is v a prime number?
True
Let i = 30353 - -40184. Is i a prime number?
True
Let p(z) = 2*z**3 - 4*z**2 + 4*z - 3. Let h be p(2). Suppose 2*r + 2*r = -h*s - 2060, -5*s + 1510 = -3*r. Let f = r + 1123. Is f a composite number?
False
Let d(k) = 2*k**2 + 3*k - 7. Let m be d(-3). Let o be -6*(6/4 - 2). Suppose m*t + o*t - 2785 = 0. Is t a composite number?
False
Let r = -526 - -531. Suppose 4*n - 2*n - 3*b - 10454 = 0, -4*n = -r*b - 20908. Is n a prime number?
True
Let h = 2799708 - 1769297. Is h a prime number?
True
Suppose 121258 = 4*y + 252*m - 249*m, y - 3*m - 30307 = 0. Is y a prime number?
True
Suppose 5638055 = 30*w - 200035. Is w a prime number?
False
Let c = -9568 - -78425. Is c prime?
False
Let d = -108 + 100. Is 1702/3*-3*4/d a composite number?
True
Let p(z) = 3534*z + 535. Is p(71) a prime number?
False
Let v(i) = -32*i**2 +